
Let s(t) = 15*t**3 - 14*t + 4. What is s(3)?
367
Let d(v) = -v**3 - 5*v**2 - 1940*v + 10048. Give d(5).
98
Let l(q) = 425*q**2 + 9291*q - 1296. Calculate l(-22).
2
Let j(n) = -15*n**3 - 386*n**2 + 1926*n + 39. Calculate j(5).
-1856
Let d(c) = 8*c**3 - 60*c**2 + 152*c - 1017. Determine d(7).
-149
Let z(a) = 37*a**2 - 41740*a + 87837. What is z(1126)?
9
Let d(g) = 16*g**2 + 1291*g + 3864. Calculate d(-3).
135
Let m(v) = -v**2 - 1259*v + 252571. Calculate m(176).
11
Let k(c) = c**3 - 8*c**2 - 259*c - 766. Give k(-4).
78
Let c(z) = 2494*z + 286895. Give c(-115).
85
Let a(m) = 2*m**3 + 59*m**2 + 574*m - 734. What is a(-19)?
-4059
Let h(m) = 2*m**3 + 134*m**2 - 169*m - 3340. Determine h(-68).
-1096
Let m(b) = -21136*b - 126781. Give m(-6).
35
Let r(n) = -232815*n - 698418. What is r(-3)?
27
Let z(p) = 305*p + 37081. Determine z(-122).
-129
Let s(y) = -61*y**2 + 19467*y - 19466. Give s(1).
-60
Let y(q) = q**3 + 571*q**2 - 2586*q - 495903. What is y(-574)?
33
Let a(v) = 382*v**2 + 1505*v + 32. What is a(-4)?
124
Let p(b) = -b**3 - 33*b**2 + 207*b + 9870. What is p(-22)?
-8
Let z(y) = y**3 - 217*y**2 - 3953*y - 5866. What is z(234)?
-16
Let f(a) = -a**3 + 726*a**2 - 27330*a - 4401. Give f(40).
-1
Let j(h) = h**2 + 295*h + 1733. Calculate j(-289).
-1
Let f(r) = -7*r**2 - 837*r + 4760. Calculate f(-125).
10
Let b(t) = t**3 - 124*t**2 + 1951*t - 24044. Give b(108).
40
Let n(b) = 5*b**3 + 346*b**2 + 31*b - 2637. Give n(-69).
-15
Let d(a) = 18*a**3 + 90*a**2 - 12*a - 45. Determine d(-5).
15
Let a(h) = 485*h - 79424. What is a(164)?
116
Let p(o) = -349603*o - 19228178. What is p(-55)?
-13
Let q(b) = -660*b + 1940. Give q(3).
-40
Let a(i) = -i**3 + 27*i**2 - 177*i + 3508. Calculate a(29).
-3307
Let i(u) = 3*u**3 - 83*u**2 - 308*u - 64. Give i(31).
-2
Let h(r) = 6347*r - 50811. Give h(8).
-35
Let t(y) = -85726*y - 1371607. Determine t(-16).
9
Let a(n) = -3189*n + 41344. Calculate a(13).
-113
Let h(a) = 1345*a + 21667. Determine h(-16).
147
Let f(q) = -3*q**2 + 119*q + 13950. Give f(96).
-2274
Let a(i) = -3*i - 783. Give a(45).
-918
Let x(m) = -m**3 - 4*m**2 + 217*m + 400. Determine x(-16).
0
Let n(g) = -2*g**2 - 116*g + 15672. Determine n(-122).
56
Let p(l) = -l**2 + 3953*l + 179926. Determine p(-45).
16
Let h(t) = -20*t**2 + 40*t + 622. Give h(-12).
-2738
Let c(h) = -3*h**2 + 80410*h + 321682. Calculate c(-4).
-6
Let i(x) = -x**3 - 11*x**2 + 388*x + 3720. Give i(-21).
-18
Let i(x) = 8*x - 1050. Give i(41).
-722
Let t(b) = -4*b**2 - 7712*b - 30766. What is t(-4)?
18
Let r(z) = -z**2 - 725*z - 11504. What is r(-16)?
-160
Let i(w) = -2*w**3 + 429*w + 1176. Give i(-13).
-7
Let h(w) = -3*w**3 - 54*w**2 + 5088*w + 91587. Give h(-18).
3
Let i(t) = 2*t**3 + 9447*t**2 - 7*t - 8. Determine i(0).
-8
Let r(m) = 288*m**2 + 8931*m + 31. Calculate r(-31).
-62
Let i(s) = -5*s**3 + 64*s**2 - 284*s + 3798. Calculate i(13).
-63
Let g(w) = w**2 - 8149*w - 179785. Calculate g(-22).
-23
Let c(h) = 1749*h + 10462. What is c(-6)?
-32
Let s(q) = 179*q + 17182. What is s(-102)?
-1076
Let m(q) = 2*q**3 - 2*q**2 + 4981*q - 35012. What is m(7)?
443
Let r(j) = -131*j**2 - 2348*j + 182. Give r(-18).
2
Let u(n) = 6*n**3 + 779*n**2 - 1696*n + 2635. Give u(-132).
-5
Let u(a) = 30*a**3 + 8*a**2 + 42*a - 176. Determine u(4).
2040
Let v(j) = j**3 - 28*j**2 - 135*j + 3103. Determine v(29).
29
Let o(a) = -a**3 + 181*a**2 + 9659*a + 1196. Determine o(-43).
35
Let n(a) = 3*a**3 - 19*a**2 - 127*a + 13. What is n(-8)?
-1723
Let a(v) = 3*v**3 + 286*v**2 + 94*v - 836. Calculate a(-95).
-741
Let b(y) = y**3 + 15*y**2 + 9*y + 158. Determine b(-9).
563
Let j(d) = -2*d**3 + 20*d**2 - 141*d - 55. Give j(8).
-927
Let n(x) = -x**2 - 4811*x + 1191118. Calculate n(236).
26
Let t(a) = -2*a**2 - 37*a + 31001. Give t(-134).
47
Let v(l) = 26*l**3 - 1711*l**2 + 10679*l + 165. Determine v(7).
-3
Let b(d) = -8*d**2 + 48*d - 200. Determine b(5).
-160
Let z(i) = 2*i**2 + 202*i + 3805. What is z(-67)?
-751
Let m(t) = -411*t + 36575. Calculate m(89).
-4
Let x(z) = 6*z**2 - 231*z + 213. Calculate x(38).
99
Let t(r) = -4*r**3 - 206*r**2 + 311*r - 375. What is t(-53)?
-4
Let m(u) = -u**2 + 187*u - 8502. Determine m(103).
150
Let w(j) = j**3 - 12*j**2 - 1155*j + 16687. Give w(15).
37
Let f(c) = c**2 - 1703*c + 665784. What is f(608)?
24
Let s(y) = 1381*y + 10007. Calculate s(-8).
-1041
Let z(m) = -1866*m - 13224. Give z(-5).
-3894
Let f(b) = -2132*b - 42632. Calculate f(-20).
8
Let c(p) = -120*p - 3253. What is c(-13)?
-1693
Let d(q) = q**3 + 24*q**2 - 161*q - 492. Give d(-29).
-28
Let y(c) = -39*c**2 + 234*c + 1563. What is y(-7)?
-1986
Let d(p) = -5*p**2 + 2187*p - 21349. Give d(10).
21
Let d(v) = -2784*v + 818558. Calculate d(294).
62
Let r(f) = -2400*f - 31208. Determine r(-13).
-8
Let n(t) = 4*t**2 - 46*t + 146. Give n(0).
146
Let p(l) = -l**2 + 788*l - 62493. Give p(89).
-282
Let u(t) = 174*t**2 - 3647*t - 4051. What is u(22)?
-69
Let q(d) = 19272*d + 751614. Give q(-39).
6
Let f(m) = -244*m**2 - 1414*m + 313. Determine f(-6).
13
Let p(r) = 246*r + 9004. Determine p(-38).
-344
Let v(l) = 2*l**3 - 146*l**2 + 392*l + 11047. Give v(69).
7
Let r(f) = -381990*f + 764047. Give r(2).
67
Let n(c) = 103135*c - 1443879. Give n(14).
11
Let y(d) = 414*d**2 - 3342*d + 244. Give y(8).
4
Let n(f) = -4*f**3 + 1165*f**2 - 21950*f - 246. Give n(271).
25
Let a(f) = 8*f**2 + 1035*f - 1025. Calculate a(-128).
-2433
Let a(k) = -242995*k**2 + 728991*k + 1. What is a(3)?
19
Let b(m) = -16247*m - 194948. Calculate b(-12).
16
Let d(f) = 3*f**3 + 40*f**2 + 61*f + 612. Determine d(-13).
-12
Let h(p) = -14960*p - 104639. What is h(-7)?
81
Let t(m) = -1406*m - 331380. Calculate t(-236).
436
Let b(o) = -o**3 + 32*o**2 + 195*o - 5829. Give b(32).
411
Let n(j) = 3*j**3 - 101*j**2 - 689*j + 22254. What is n(34)?
-16
Let y(v) = -4*v**2 + 7962*v + 15918. Give y(-2).
-22
Let z(r) = -2*r**2 - 799*r - 37314. Give z(-54).
0
Let k(i) = i**3 + 155*i**2 + 894*i - 49. What is k(-149)?
-49
Let b(f) = -299*f + 28733. Calculate b(96).
29
Let g(b) = -2*b**3 - 55*b**2 - 1082*b - 23932. Determine g(-25).
-7
Let c(m) = 3016*m - 57396. Give c(19).
-92
Let h(m) = -66*m**2 + 419*m - 1505. Calculate h(4).
-885
Let b(n) = 13*n**3 + 172*n**2 + 172*n - 3. What is b(-1)?
-16
Let j(p) = -727*p + 47276. Give j(65).
21
Let f(j) = -113*j**3 - 15*j**2 + 5*j + 1. What is f(2)?
-953
Let k(h) = -7082*h - 28255. Give k(-4).
73
Let a(o) = -o**3 - 487*o**2 - 4399*o - 46318. Determine a(-478).
48
Let c(g) = 2*g**3 - 4*g**2 - 1074*g + 4336. Calculate c(4).
104
Let b(m) = -50983*m + 713919. What is b(14)?
157
Let r(v) = 3*v**3 - 6*v**2 - 53*v + 3. Give r(-5).
-257
Let n(j) = 245717*j - 2702863. What is n(11)?
24
Let y(o) = -5*o**2 + 119206*o + 357669. Give y(-3).
6
Let c(s) = -87934*s + 1143141. What is c(13)?
-1
Let b(s) = 4653*s + 51126. Calculate b(-11).
-57
Let m(k) = -201*k**2 - 2063*k - 5. Give m(-10).
525
Let j(x) = -x**3 + 232*x**2 + 514*x - 10712. Give j(234).
52
Let b(k) = 2*k**2 + 1425*k + 15541. Determine b(-11).
108
Let p(y) = -y**3 - 81*y**2 - 226*y + 555. Determine p(-78).
-69
Let p(d) = -1736*d - 55672. Calculate p(-32).
-120
Let j(q) = -24*q**2 + 5450*q + 10529. Determine j(229).
-5
Let y(m) = -204531*m - 1227183. Give y(-6).
3
Let u(j) = 11782*j + 1166425. Calculate u(-99).
7
Let i(q) = 17403*q + 1775094. What is i(-102)?
-12
Let u(q) = -929*q**2 + q + 233. Determine u(0).
233
Let m(f) = -7*f**2 - 165*f - 605. What is m(-4)?
-57
Let d(x) = -3*x**2 + 5754*x + 46183. What is d(-8)?
-41
Let z(m) = -22539*m + 473532. Determine z(21).
213
Let g(v) = -48463*v + 1453896. Determine g(30).
6
Let h(f) = 19515*f + 6. Calculate h(0).
6
Let t(w) = -w**3 + 169*w**2 + 690*w + 351. Calculate t(173).
5
Let n(r) = -r**3 + 80*r**2 + 315*r - 12000. Give n(82).
382
Let p(b) = -2*b**3 - b**2 - 17*b - 61. Give p(-7).
695
Let h(m) = m**2 - 1188*m - 232437. Determine h(-171).
-48
Let o(l) = l**3 + 13*l**2 - 70*l + 1394. Determine o(-20).
-6
Let k(r) = -1276109*r - 88051514. Determine k(-69).
7
Let d(b) = 6*b**2 + 1101*b + 6424. Determine d(-172).
-5444
Let p(h) = 6*h**2 + 10*h - 333. What is p(7)?
31
Let g(q) = -12*q**3 - 11*q**2 - 150*q + 345. Calculate g(2).
-95
Let v(g) = 551762*g - 1103458. What is v(2)?
66
Let q(y) = -23*y - 1356. What is q(-83)?
553
Let q(h) = -12*h**3 + 21*h**2 + 4831*h